{"id":1636,"date":"2026-04-16T12:43:29","date_gmt":"2026-04-16T12:43:29","guid":{"rendered":"https:\/\/improlala.com\/?page_id=1636"},"modified":"2026-04-16T12:43:30","modified_gmt":"2026-04-16T12:43:30","slug":"noa-2","status":"publish","type":"page","link":"https:\/\/improlala.com\/?page_id=1636","title":{"rendered":"Noa"},"content":{"rendered":"\n[et_pb_section fb_built=\u00a0\u00bb1&Prime; _builder_version=\u00a0\u00bb4.14.7&Prime; _module_preset=\u00a0\u00bbdefault\u00a0\u00bb global_colors_info=\u00a0\u00bb{}\u00a0\u00bb][et_pb_row _builder_version=\u00a0\u00bb4.14.7&Prime; _module_preset=\u00a0\u00bbdefault\u00a0\u00bb custom_padding=\u00a0\u00bb50px||||false|false\u00a0\u00bb global_colors_info=\u00a0\u00bb{}\u00a0\u00bb][et_pb_column type=\u00a0\u00bb4_4&Prime; _builder_version=\u00a0\u00bb4.14.7&Prime; _module_preset=\u00a0\u00bbdefault\u00a0\u00bb global_colors_info=\u00a0\u00bb{}\u00a0\u00bb][et_pb_text _builder_version=\u00a0\u00bb4.14.7&Prime; _module_preset=\u00a0\u00bbdefault\u00a0\u00bb text_font=\u00a0\u00bbMontserrat|700|||||||\u00a0\u00bb text_font_size=\u00a0\u00bb28px\u00a0\u00bb hover_enabled=\u00a0\u00bb0&Prime; global_colors_info=\u00a0\u00bb{}\u00a0\u00bb sticky_enabled=\u00a0\u00bb0&Prime;]<p>Noa Za\u00efdi-Company<\/p>[\/et_pb_text][et_pb_text _builder_version=\u00a0\u00bb4.14.7&Prime; _module_preset=\u00a0\u00bbdefault\u00a0\u00bb text_font=\u00a0\u00bbMontserrat|500|||||||\u00a0\u00bb text_font_size=\u00a0\u00bb16px\u00a0\u00bb custom_padding=\u00a0\u00bb20px||||false|false\u00a0\u00bb locked=\u00a0\u00bboff\u00a0\u00bb global_colors_info=\u00a0\u00bb{}\u00a0\u00bb]<p>Coach d&rsquo;impro musicale<\/p>[\/et_pb_text][et_pb_image src=\u00a0\u00bbhttp:\/\/improlala.com\/wp-content\/uploads\/2025\/06\/Noa.jpg\u00a0\u00bb title_text=\u00a0\u00bbNoa\u00a0\u00bb _builder_version=\u00a0\u00bb4.14.7&Prime; _module_preset=\u00a0\u00bbdefault\u00a0\u00bb max_width=\u00a0\u00bb30%\u00a0\u00bb custom_padding=\u00a0\u00bb20px||||false|false\u00a0\u00bb hover_enabled=\u00a0\u00bb0&Prime; global_colors_info=\u00a0\u00bb{}\u00a0\u00bb sticky_enabled=\u00a0\u00bb0&Prime;][\/et_pb_image][et_pb_text _builder_version=\u00a0\u00bb4.14.7&Prime; _module_preset=\u00a0\u00bbdefault\u00a0\u00bb text_font=\u00a0\u00bbMontserrat|500|||||||\u00a0\u00bb text_font_size=\u00a0\u00bb13px\u00a0\u00bb text_line_height=\u00a0\u00bb1.4em\u00a0\u00bb text_orientation=\u00a0\u00bbjustified\u00a0\u00bb custom_margin=\u00a0\u00bb||60px||false|false\u00a0\u00bb custom_padding=\u00a0\u00bb14px||||false|false\u00a0\u00bb global_colors_info=\u00a0\u00bb{}\u00a0\u00bb]<div>\n<div class=\"im\">\n<div class=\"gmail_quote\">\n<div dir=\"ltr\">\n<p>Depuis l\u2019\u00e2ge de cinq ans, Noa est sur les planches. Pianiste de jazz, il d\u00e9veloppe tr\u00e8s t\u00f4t une pratique de l\u2019improvisation musicale, qui rejoint naturellement son go\u00fbt pour le th\u00e9\u00e2tre. \u00c0 quatorze ans, il d\u00e9couvre le th\u00e9\u00e2tre d\u2019improvisation et s\u2019y passionne imm\u00e9diatement. Il y trouve un terrain d\u2019expression in\u00e9puisable, en accord avec sa conception exigeante de la performance.<\/p>\n<p>Form\u00e9 \u00e0 l\u2019histoire, il d\u00e9veloppe une attention particuli\u00e8re aux r\u00e9cits, qu\u2019il prolonge sur sc\u00e8ne, dor\u00e9navant, dans l&rsquo;instant-pr\u00e9sent.<\/p>\n<p>C\u2019est au sein de la TIPI qu\u2019il s\u2019ancre comme com\u00e9dien d&rsquo;improvisation. Il y participe \u00e0 porter l\u2019exigence d\u2019un groupe soud\u00e9, dont \u00e9mergent des propositions artistiques singuli\u00e8res sur la sc\u00e8ne girondine.<\/p>\n<p>Originaire des Landes, Noa intervient aujourd\u2019hui dans tout le Sud-Ouest. Comme com\u00e9dien improvisateur, mais accompagne \u00e9galement des spectacles en musique live. Enfin, il enseigne le th\u00e9\u00e2tre d\u2019improvisation aupr\u00e8s de diff\u00e9rentes troupes, ainsi qu\u2019\u00e0 l\u2019Improvidence.<\/p>\n<p>En 2024, quelques mois apr\u00e8s sa rencontre avec Antoine Lefort, il rejoint l\u2019\u00e9quipe p\u00e9dagogique d\u2019Impro Lala \u00e0 Paris.<\/p>\n<p>En 2026, Noa ouvre l\u2019antenne bordelaise d\u2019Impro Lala, avec la volont\u00e9 d\u2019y faire \u00e9merger une pratique encore peu implant\u00e9e et de construire, chez lui, un v\u00e9ritable espace de cr\u00e9ation pour la com\u00e9die musicale improvis\u00e9e.<\/p>\n<\/div>\n<\/div>\n<\/div>\n<\/div>[\/et_pb_text][\/et_pb_column][\/et_pb_row][\/et_pb_section]\n","protected":false},"excerpt":{"rendered":"<p>Noa Za\u00efdi-CompanyCoach d&rsquo;impro musicale Depuis l\u2019\u00e2ge de cinq ans, Noa est sur les planches. Pianiste de jazz, il d\u00e9veloppe tr\u00e8s t\u00f4t une pratique de l\u2019improvisation musicale, qui rejoint naturellement son go\u00fbt pour le th\u00e9\u00e2tre. \u00c0 quatorze ans, il d\u00e9couvre le th\u00e9\u00e2tre d\u2019improvisation et s\u2019y passionne imm\u00e9diatement. Il y trouve un terrain d\u2019expression in\u00e9puisable, en accord [&hellip;]<\/p>\n","protected":false},"author":3,"featured_media":0,"parent":0,"menu_order":0,"comment_status":"closed","ping_status":"closed","template":"","meta":{"_et_pb_use_builder":"on","_et_pb_old_content":"","_et_gb_content_width":"","om_disable_all_campaigns":false},"aioseo_notices":[],"_links":{"self":[{"href":"https:\/\/improlala.com\/index.php?rest_route=\/wp\/v2\/pages\/1636"}],"collection":[{"href":"https:\/\/improlala.com\/index.php?rest_route=\/wp\/v2\/pages"}],"about":[{"href":"https:\/\/improlala.com\/index.php?rest_route=\/wp\/v2\/types\/page"}],"author":[{"embeddable":true,"href":"https:\/\/improlala.com\/index.php?rest_route=\/wp\/v2\/users\/3"}],"replies":[{"embeddable":true,"href":"https:\/\/improlala.com\/index.php?rest_route=%2Fwp%2Fv2%2Fcomments&post=1636"}],"version-history":[{"count":2,"href":"https:\/\/improlala.com\/index.php?rest_route=\/wp\/v2\/pages\/1636\/revisions"}],"predecessor-version":[{"id":1642,"href":"https:\/\/improlala.com\/index.php?rest_route=\/wp\/v2\/pages\/1636\/revisions\/1642"}],"wp:attachment":[{"href":"https:\/\/improlala.com\/index.php?rest_route=%2Fwp%2Fv2%2Fmedia&parent=1636"}],"curies":[{"name":"wp","href":"https:\/\/api.w.org\/{rel}","templated":true}]}}