{"id":1244,"date":"2024-06-12T12:18:53","date_gmt":"2024-06-12T12:18:53","guid":{"rendered":"https:\/\/improlala.com\/?page_id=1244"},"modified":"2025-06-05T08:46:33","modified_gmt":"2025-06-05T08:46:33","slug":"antoine-2","status":"publish","type":"page","link":"https:\/\/improlala.com\/?page_id=1244","title":{"rendered":"Florent"},"content":{"rendered":"<p>[et_pb_section fb_built=\u00a0\u00bb1&Prime; _builder_version=\u00a0\u00bb4.14.7&Prime; _module_preset=\u00a0\u00bbdefault\u00a0\u00bb global_colors_info=\u00a0\u00bb{}\u00a0\u00bb][et_pb_row _builder_version=\u00a0\u00bb4.14.7&Prime; _module_preset=\u00a0\u00bbdefault\u00a0\u00bb custom_padding=\u00a0\u00bb50px||||false|false\u00a0\u00bb global_colors_info=\u00a0\u00bb{}\u00a0\u00bb][et_pb_column type=\u00a0\u00bb4_4&Prime; _builder_version=\u00a0\u00bb4.14.7&Prime; _module_preset=\u00a0\u00bbdefault\u00a0\u00bb global_colors_info=\u00a0\u00bb{}\u00a0\u00bb][et_pb_text _builder_version=\u00a0\u00bb4.14.7&Prime; _module_preset=\u00a0\u00bbdefault\u00a0\u00bb text_font=\u00a0\u00bbMontserrat|700|||||||\u00a0\u00bb text_font_size=\u00a0\u00bb28px\u00a0\u00bb global_colors_info=\u00a0\u00bb{}\u00a0\u00bb]<\/p>\n<p>Florent Chako<\/p>\n<p>[\/et_pb_text][et_pb_text _builder_version=\u00a0\u00bb4.14.7&Prime; _module_preset=\u00a0\u00bbdefault\u00a0\u00bb text_font=\u00a0\u00bbMontserrat|500|||||||\u00a0\u00bb text_font_size=\u00a0\u00bb16px\u00a0\u00bb custom_padding=\u00a0\u00bb20px||||false|false\u00a0\u00bb locked=\u00a0\u00bboff\u00a0\u00bb global_colors_info=\u00a0\u00bb{}\u00a0\u00bb]<\/p>\n<p>Coach d&rsquo;impro musicale<\/p>\n<p>[\/et_pb_text][et_pb_image src=\u00a0\u00bbhttp:\/\/improlala.com\/wp-content\/uploads\/2025\/06\/Florent.Chako_34-carre.jpg\u00a0\u00bb title_text=\u00a0\u00bbFlorent.Chako_34 &#8211; carr\u00e9\u00a0\u00bb _builder_version=\u00a0\u00bb4.14.7&Prime; _module_preset=\u00a0\u00bbdefault\u00a0\u00bb max_width=\u00a0\u00bb30%\u00a0\u00bb custom_padding=\u00a0\u00bb20px||||false|false\u00a0\u00bb hover_enabled=\u00a0\u00bb0&Prime; global_colors_info=\u00a0\u00bb{}\u00a0\u00bb sticky_enabled=\u00a0\u00bb0&Prime;][\/et_pb_image][et_pb_text _builder_version=\u00a0\u00bb4.14.7&Prime; _module_preset=\u00a0\u00bbdefault\u00a0\u00bb text_font=\u00a0\u00bbMontserrat|500|||||||\u00a0\u00bb text_font_size=\u00a0\u00bb13px\u00a0\u00bb text_line_height=\u00a0\u00bb1.4em\u00a0\u00bb text_orientation=\u00a0\u00bbjustified\u00a0\u00bb custom_margin=\u00a0\u00bb||60px||false|false\u00a0\u00bb custom_padding=\u00a0\u00bb14px||||false|false\u00a0\u00bb global_colors_info=\u00a0\u00bb{}\u00a0\u00bb]<\/p>\n<p><span class=\"Aucun\">Com\u00e9dien touche-\u00e0-tout ayant commenc\u00e9 par le violon et la danse classique \u00e0 7 ans, Florent s&rsquo;est vite \u00e9panoui avec le th\u00e9\u00e2tre, dans sa Charente natale puis dans la compagnie Groupe 33 \u00e0 Bordeaux, o\u00f9 il a suivi, en parall\u00e8le de spectacles sur Moli\u00e8re et Shakespeare, un Master en production audiovisuelle apr\u00e8s un parcours hypokh\u00e2gne-kh\u00e2gne. Quelques premi\u00e8res exp\u00e9riences en r\u00e9gie sur des t\u00e9l\u00e9films et courts-m\u00e9trages le convaincront de l&rsquo;envie de se professionnaliser en tant que com\u00e9dien, aussi il monte \u00e0 Paris suivre la formation en com\u00e9die musicale des Cours Florent.<\/span><o:p><\/o:p><\/p>\n<p class=\"Standard\"><span class=\"Aucun\">\u00c0 la fin de son cursus, il int\u00e8gre en 2016 les spectacles \u00ab\u00a0Stitch Live\u00a0\u00bb et \u00ab\u00a0Art of Animation\u00a0\u00bb \u00e0 Disneyland Paris, en m\u00eame temps que la Ligue d&rsquo;Improvisation de Paris, gr\u00e2ce \u00e0 laquelle il va jouer aux quatre coins de la France, en Belgique et m\u00eame en Alg\u00e9rie. Il rencontre une partie de l&rsquo;\u00e9quipe de New (Perrine Megret, Antoine Lefort et Florian Bartsch) lors de plusieurs stages qui lui font d\u00e9couvrir la com\u00e9die musicale improvis\u00e9e, comme une potion magique r\u00e9unissant les ingr\u00e9dients les plus kiffants du spectacle vivant.<\/span><o:p><\/o:p><\/p>\n<p class=\"Standard\"><span class=\"Aucun\">Aujourd&rsquo;hui, Florent travaille aussi bien au th\u00e9\u00e2tre (derni\u00e8rement dans \u00ab\u00a0Le Bourgeois Gentilhomme\u00a0\u00bb mis en sc\u00e8ne par Jean-Philippe Daguerre au Ranelagh) que sur les plateaux de doublage et de dessin anim\u00e9 o\u00f9 il trouve d&rsquo;autres fa\u00e7ons de jouer avec sa voix. Il est \u00e9galement sc\u00e9nariste et formateur pour des interventions th\u00e9\u00e2trales en entreprise, sur les th\u00e8mes de l&rsquo;inclusion, de la communication inter-g\u00e9n\u00e9rationnelle et de la lutte contre les violences sexistes et sexuelles. Enfin, il donne des cours m\u00ealant improvisation et prise de parole en public pour l&rsquo;association les ImprovisOrateurs. Sans se consid\u00e9rer instrumentiste accompli, vous pourrez tout de m\u00eame le voir tenir la batterie lors des Improlala Nights\u00a0!<\/span><o:p><\/o:p><\/p>\n<p>&nbsp;<\/p>\n<p>&nbsp;<\/p>\n<p>&nbsp;<\/p>\n<p>[\/et_pb_text][\/et_pb_column][\/et_pb_row][\/et_pb_section]<\/p>\n","protected":false},"excerpt":{"rendered":"<p>Florent ChakoCoach d&rsquo;impro musicaleCom\u00e9dien touche-\u00e0-tout ayant commenc\u00e9 par le violon et la danse classique \u00e0 7 ans, Florent s&rsquo;est vite \u00e9panoui avec le th\u00e9\u00e2tre, dans sa Charente natale puis dans la compagnie Groupe 33 \u00e0 Bordeaux, o\u00f9 il a suivi, en parall\u00e8le de spectacles sur Moli\u00e8re et Shakespeare, un Master en production audiovisuelle apr\u00e8s un [&hellip;]<\/p>\n","protected":false},"author":1,"featured_media":0,"parent":0,"menu_order":0,"comment_status":"closed","ping_status":"closed","template":"","meta":{"_et_pb_use_builder":"on","_et_pb_old_content":"","_et_gb_content_width":"","om_disable_all_campaigns":false},"aioseo_notices":[],"_links":{"self":[{"href":"https:\/\/improlala.com\/index.php?rest_route=\/wp\/v2\/pages\/1244"}],"collection":[{"href":"https:\/\/improlala.com\/index.php?rest_route=\/wp\/v2\/pages"}],"about":[{"href":"https:\/\/improlala.com\/index.php?rest_route=\/wp\/v2\/types\/page"}],"author":[{"embeddable":true,"href":"https:\/\/improlala.com\/index.php?rest_route=\/wp\/v2\/users\/1"}],"replies":[{"embeddable":true,"href":"https:\/\/improlala.com\/index.php?rest_route=%2Fwp%2Fv2%2Fcomments&post=1244"}],"version-history":[{"count":5,"href":"https:\/\/improlala.com\/index.php?rest_route=\/wp\/v2\/pages\/1244\/revisions"}],"predecessor-version":[{"id":1510,"href":"https:\/\/improlala.com\/index.php?rest_route=\/wp\/v2\/pages\/1244\/revisions\/1510"}],"wp:attachment":[{"href":"https:\/\/improlala.com\/index.php?rest_route=%2Fwp%2Fv2%2Fmedia&parent=1244"}],"curies":[{"name":"wp","href":"https:\/\/api.w.org\/{rel}","templated":true}]}}